{"id":2590,"date":"2017-03-24T02:35:30","date_gmt":"2017-03-24T02:35:30","guid":{"rendered":"http:\/\/comunicaciondigital.utp.ac.pa\/5G\/?page_id=2590"},"modified":"2020-06-29T15:01:41","modified_gmt":"2020-06-29T15:01:41","slug":"publicaciones","status":"publish","type":"page","link":"http:\/\/comunicaciondigital.utp.ac.pa\/5G\/publicaciones\/","title":{"rendered":"Publicaciones"},"content":{"rendered":"<p>[vc_row][vc_column][vc_column_text css_animation=&#8221;top-to-bottom&#8221;]<\/p>\n<ul>\n<li>\n<h3><a href=\"https:\/\/journals.sagepub.com\/doi\/abs\/10.1177\/0020720919884242\"><b>Real-Time Decoding of Automatic Dependent Surveillance \u2013 Broadcast Signals by using Software-Defined Radio and MATLAB\u00ae<\/b><\/a><\/h3>\n<p><i>The International Journal of Electrical Engineering &amp; Education, Noviembre 2019.<\/i><br \/>\n<strong> Autores: H\u00e9ctor Poveda, Guillaume Ferr\u00e9 y Romain Tajan<\/strong><\/li>\n<li>\n<h3><a href=\"https:\/\/ieeexplore.ieee.org\/document\/8943710\"><strong>Design and Implementation of a LoRa-Based IoT Network for Environmental Parameters Monitoring<\/strong><\/a><\/h3>\n<p>7th International Engineering, Sciences and Technology Conference, Octubre 2019.<br \/>\n<strong> Autores: H\u00e9ctor Corro, Ezquiel Robles, Fernando Merchan y H\u00e9ctor Poveda<\/strong><\/li>\n<li>\n<h3><strong><a href=\"https:\/\/ieeexplore.ieee.org\/document\/8683079\">Collaboration between Bordeaux-inp and Utp, from Research to Education, in the Field of Signal Processing<\/a><\/strong><\/h3>\n<p>IEEE International Conference on Acoustics, Speech and Signal Processing, Mayo 2019<br \/>\n<strong> Autores:\u00a0David Gonz\u00e1lez G., H\u00e9ctor Poveda, y Edgar Ramos<\/strong><\/li>\n<li>\n<h3><a href=\"http:\/\/www.laccei.org\/LACCEI2018-Lima\/full_papers\/FP115.pdf\"><strong>Software Defined Radio as an Educational Learning Tool in Wireless Communications<\/strong><\/a><\/h3>\n<p><i>16th LACCEI International Multi-Conference for Engineering, Education, and Technology, Julio 2018.<\/i><br \/>\n<strong> Autores: Kiara Navarro, Francisco Canto, y H\u00e9ctor Poveda<\/strong><\/li>\n<li>\n<h3><a href=\"https:\/\/ieeexplore.ieee.org\/document\/8431337\"><strong>Evaluation of IEEE 802.11n and IEEE 802.11p Based on Vehicle to Vehicle Communications<\/strong><\/a><\/h3>\n<p><i>11th International Conference on Human System Interaction, Julio 2018.<\/i><br \/>\n<strong> Autores: Edgar Ian Murillo, Hector Enrique Poveda, Kang-Hyun Jo y Danilo C\u00e1ceres Hern\u00e1ndez<\/strong><\/li>\n<li>\n<h3><a href=\"https:\/\/www.hindawi.com\/journals\/misy\/2017\/9242058\/\" target=\"_blank\" rel=\"noopener noreferrer\"><b>A Planning and Optimization Framework for Ultra Dense Cellular Deployments<\/b><\/a><\/h3>\n<p><i>Mobile Information Systems vol. 2017, Marzo 2017. <\/i><br \/>\n<strong>Autores: David Gonz\u00e1lez G., Edward Mutafungwa, Beneyam Haile, Jyri H\u00e4m\u00e4l\u00e4inen, y\u00a0H\u00e9ctor Poveda<\/strong><\/li>\n<li>\n<h3><a href=\"http:\/\/comunicaciondigital.utp.ac.pa\/5G\/wp-content\/uploads\/2017\/05\/5G-y-la-Internet-de-las-cosas.pdf\" target=\"_blank\" rel=\"noopener noreferrer\"><b>5G y la Internet de las Cosas: \u00a1En sus Marcas, Listos, Fuera!<\/b><\/a><\/h3>\n<p><i>XVI Congreso Nacional de Ciencia y Tecnolog\u00eda, Asociaci\u00f3n Paname\u00f1a para el Avance de la Ciencia, Octubre 2016.<\/i><br \/>\n<strong>Autores: David Gonz\u00e1lez G., H\u00e9ctor Poveda, Fernando Merchan, y Edgar Ramos<\/strong><\/li>\n<li>\n<h3><a href=\"http:\/\/comunicaciondigital.utp.ac.pa\/5G\/wp-content\/uploads\/2017\/05\/Estaciones-base-movil-1.pdf\" target=\"_blank\" rel=\"noopener noreferrer\"><b>Estaciones Base M\u00f3viles: Oportunidades, Retos, y un M\u00e9todo Sencillo para Planificaci\u00f3n Radio<\/b><\/a><\/h3>\n<p><i>XVI Congreso Nacional de Ciencia y Tecnolog\u00eda, Asociaci\u00f3n Paname\u00f1a para el Avance de la Ciencia, Octubre 2016.<\/i><br \/>\n<strong>Autores: David Gonz\u00e1lez G., Fernando Merchan, H\u00e9ctor Poveda, y Edgar Ramos<\/strong><\/li>\n<li>\n<h3><a href=\"http:\/\/comunicaciondigital.utp.ac.pa\/5G\/wp-content\/uploads\/2017\/05\/tendencias-de-la-red-inalambrica-1.pdf\" target=\"_blank\" rel=\"noopener noreferrer\"><b>Tendencias, Oportunidades, y Retos con el Acceso Inal\u00e1mbrico en Bandas de Frecuencia Sin Licencia Interiores: un escenario clave en 5G<\/b>.<\/a><\/h3>\n<p><i>Latin American and Caribbean Consortium of Engineering Institutions Conference, Julio 2016.<\/i><br \/>\n<strong> Autores: David Gonz\u00e1lez G., H\u00e9ctor Poveda, y Edgar Ramos<\/strong><\/li>\n<\/ul>\n<p>[\/vc_column_text][\/vc_column][\/vc_row]<\/p>\n","protected":false},"excerpt":{"rendered":"<p>[vc_row][vc_column][vc_column_text css_animation=&#8221;top-to-bottom&#8221;] Real-Time Decoding of Automatic Dependent Surveillance \u2013 Broadcast Signals by using Software-Defined Radio [&hellip;]<\/p>\n","protected":false},"author":1,"featured_media":0,"parent":0,"menu_order":0,"comment_status":"closed","ping_status":"closed","template":"","meta":{"footnotes":""},"class_list":["post-2590","page","type-page","status-publish","hentry"],"yoast_head":"<!-- This site is optimized with the Yoast SEO plugin v27.3 - https:\/\/yoast.com\/product\/yoast-seo-wordpress\/ -->\n<title>Publicaciones<\/title>\n<meta name=\"description\" content=\"Real-Time Decoding of Automatic Dependent Surveillance \u2013 Broadcast Signals by using Software-Defined Radio and MATLAB\u00ae The International Journal of\" \/>\n<meta name=\"robots\" content=\"index, follow, max-snippet:-1, max-image-preview:large, max-video-preview:-1\" \/>\n<link rel=\"canonical\" href=\"http:\/\/comunicaciondigital.utp.ac.pa\/5G\/publicaciones\/\" \/>\n<meta property=\"og:locale\" content=\"es_MX\" \/>\n<meta property=\"og:type\" content=\"article\" \/>\n<meta property=\"og:title\" content=\"Publicaciones\" \/>\n<meta property=\"og:description\" content=\"Real-Time Decoding of Automatic Dependent Surveillance \u2013 Broadcast Signals by using Software-Defined Radio and MATLAB\u00ae The International Journal of\" \/>\n<meta property=\"og:url\" content=\"http:\/\/comunicaciondigital.utp.ac.pa\/5G\/publicaciones\/\" \/>\n<meta property=\"og:site_name\" content=\"Grupo de Investigaci\u00f3n en Sistemas de Comunicaciones Digitales Avanzados\" \/>\n<meta property=\"article:modified_time\" content=\"2020-06-29T15:01:41+00:00\" \/>\n<meta name=\"twitter:card\" content=\"summary_large_image\" \/>\n<meta name=\"twitter:label1\" content=\"Tiempo de lectura\" \/>\n\t<meta name=\"twitter:data1\" content=\"2 minutos\" \/>\n<script type=\"application\/ld+json\" class=\"yoast-schema-graph\">{\"@context\":\"https:\\\/\\\/schema.org\",\"@graph\":[{\"@type\":\"WebPage\",\"@id\":\"http:\\\/\\\/comunicaciondigital.utp.ac.pa\\\/5G\\\/publicaciones\\\/\",\"url\":\"http:\\\/\\\/comunicaciondigital.utp.ac.pa\\\/5G\\\/publicaciones\\\/\",\"name\":\"Publicaciones\",\"isPartOf\":{\"@id\":\"http:\\\/\\\/comunicaciondigital.utp.ac.pa\\\/5G\\\/#website\"},\"datePublished\":\"2017-03-24T02:35:30+00:00\",\"dateModified\":\"2020-06-29T15:01:41+00:00\",\"description\":\"Real-Time Decoding of Automatic Dependent Surveillance \u2013 Broadcast Signals by using Software-Defined Radio and MATLAB\u00ae The International Journal of\",\"breadcrumb\":{\"@id\":\"http:\\\/\\\/comunicaciondigital.utp.ac.pa\\\/5G\\\/publicaciones\\\/#breadcrumb\"},\"inLanguage\":\"es\",\"potentialAction\":[{\"@type\":\"ReadAction\",\"target\":[\"http:\\\/\\\/comunicaciondigital.utp.ac.pa\\\/5G\\\/publicaciones\\\/\"]}]},{\"@type\":\"BreadcrumbList\",\"@id\":\"http:\\\/\\\/comunicaciondigital.utp.ac.pa\\\/5G\\\/publicaciones\\\/#breadcrumb\",\"itemListElement\":[{\"@type\":\"ListItem\",\"position\":1,\"name\":\"Portada\",\"item\":\"http:\\\/\\\/comunicaciondigital.utp.ac.pa\\\/5G\\\/\"},{\"@type\":\"ListItem\",\"position\":2,\"name\":\"Publicaciones\"}]},{\"@type\":\"WebSite\",\"@id\":\"http:\\\/\\\/comunicaciondigital.utp.ac.pa\\\/5G\\\/#website\",\"url\":\"http:\\\/\\\/comunicaciondigital.utp.ac.pa\\\/5G\\\/\",\"name\":\"Grupo de Investigaci\u00f3n en Sistemas de Comunicaciones Digitales Avanzados\",\"description\":\"Especialistas 5G\",\"potentialAction\":[{\"@type\":\"SearchAction\",\"target\":{\"@type\":\"EntryPoint\",\"urlTemplate\":\"http:\\\/\\\/comunicaciondigital.utp.ac.pa\\\/5G\\\/?s={search_term_string}\"},\"query-input\":{\"@type\":\"PropertyValueSpecification\",\"valueRequired\":true,\"valueName\":\"search_term_string\"}}],\"inLanguage\":\"es\"}]}<\/script>\n<!-- \/ Yoast SEO plugin. -->","yoast_head_json":{"title":"Publicaciones","description":"Real-Time Decoding of Automatic Dependent Surveillance \u2013 Broadcast Signals by using Software-Defined Radio and MATLAB\u00ae The International Journal of","robots":{"index":"index","follow":"follow","max-snippet":"max-snippet:-1","max-image-preview":"max-image-preview:large","max-video-preview":"max-video-preview:-1"},"canonical":"http:\/\/comunicaciondigital.utp.ac.pa\/5G\/publicaciones\/","og_locale":"es_MX","og_type":"article","og_title":"Publicaciones","og_description":"Real-Time Decoding of Automatic Dependent Surveillance \u2013 Broadcast Signals by using Software-Defined Radio and MATLAB\u00ae The International Journal of","og_url":"http:\/\/comunicaciondigital.utp.ac.pa\/5G\/publicaciones\/","og_site_name":"Grupo de Investigaci\u00f3n en Sistemas de Comunicaciones Digitales Avanzados","article_modified_time":"2020-06-29T15:01:41+00:00","twitter_card":"summary_large_image","twitter_misc":{"Tiempo de lectura":"2 minutos"},"schema":{"@context":"https:\/\/schema.org","@graph":[{"@type":"WebPage","@id":"http:\/\/comunicaciondigital.utp.ac.pa\/5G\/publicaciones\/","url":"http:\/\/comunicaciondigital.utp.ac.pa\/5G\/publicaciones\/","name":"Publicaciones","isPartOf":{"@id":"http:\/\/comunicaciondigital.utp.ac.pa\/5G\/#website"},"datePublished":"2017-03-24T02:35:30+00:00","dateModified":"2020-06-29T15:01:41+00:00","description":"Real-Time Decoding of Automatic Dependent Surveillance \u2013 Broadcast Signals by using Software-Defined Radio and MATLAB\u00ae The International Journal of","breadcrumb":{"@id":"http:\/\/comunicaciondigital.utp.ac.pa\/5G\/publicaciones\/#breadcrumb"},"inLanguage":"es","potentialAction":[{"@type":"ReadAction","target":["http:\/\/comunicaciondigital.utp.ac.pa\/5G\/publicaciones\/"]}]},{"@type":"BreadcrumbList","@id":"http:\/\/comunicaciondigital.utp.ac.pa\/5G\/publicaciones\/#breadcrumb","itemListElement":[{"@type":"ListItem","position":1,"name":"Portada","item":"http:\/\/comunicaciondigital.utp.ac.pa\/5G\/"},{"@type":"ListItem","position":2,"name":"Publicaciones"}]},{"@type":"WebSite","@id":"http:\/\/comunicaciondigital.utp.ac.pa\/5G\/#website","url":"http:\/\/comunicaciondigital.utp.ac.pa\/5G\/","name":"Grupo de Investigaci\u00f3n en Sistemas de Comunicaciones Digitales Avanzados","description":"Especialistas 5G","potentialAction":[{"@type":"SearchAction","target":{"@type":"EntryPoint","urlTemplate":"http:\/\/comunicaciondigital.utp.ac.pa\/5G\/?s={search_term_string}"},"query-input":{"@type":"PropertyValueSpecification","valueRequired":true,"valueName":"search_term_string"}}],"inLanguage":"es"}]}},"_links":{"self":[{"href":"http:\/\/comunicaciondigital.utp.ac.pa\/5G\/wp-json\/wp\/v2\/pages\/2590","targetHints":{"allow":["GET"]}}],"collection":[{"href":"http:\/\/comunicaciondigital.utp.ac.pa\/5G\/wp-json\/wp\/v2\/pages"}],"about":[{"href":"http:\/\/comunicaciondigital.utp.ac.pa\/5G\/wp-json\/wp\/v2\/types\/page"}],"author":[{"embeddable":true,"href":"http:\/\/comunicaciondigital.utp.ac.pa\/5G\/wp-json\/wp\/v2\/users\/1"}],"replies":[{"embeddable":true,"href":"http:\/\/comunicaciondigital.utp.ac.pa\/5G\/wp-json\/wp\/v2\/comments?post=2590"}],"version-history":[{"count":11,"href":"http:\/\/comunicaciondigital.utp.ac.pa\/5G\/wp-json\/wp\/v2\/pages\/2590\/revisions"}],"predecessor-version":[{"id":3415,"href":"http:\/\/comunicaciondigital.utp.ac.pa\/5G\/wp-json\/wp\/v2\/pages\/2590\/revisions\/3415"}],"wp:attachment":[{"href":"http:\/\/comunicaciondigital.utp.ac.pa\/5G\/wp-json\/wp\/v2\/media?parent=2590"}],"curies":[{"name":"wp","href":"https:\/\/api.w.org\/{rel}","templated":true}]}}